List the prime factors of a.
53, 109
Let f be ((-45)/25 + 5)*5. List the prime factors of f/72*87*(2 - -10).
2, 29
Suppose -4*w - 3*o = -17874, -4460 = -22*w + 21*w - 5*o. Suppose -4*j + w = 1014. What are the prime factors of j?
2, 3
Let t(u) = -u**3 + 26*u**2 - 30*u - 37. Let j be t(17). Suppose -3*s = 5*q - 2*s - 2560, -4*q + j = 2*s. List the prime factors of q.
7, 73
Let p(q) = -6*q**3 + 35*q**2 + 6*q + 11. Let j be p(6). Suppose 2*z - 62 = 7*d - j*d, 3*d = 2*z - 90. What are the prime factors of z?
3, 13
Let t(z) = -16*z + 32. Let s(k) = 40*k - 11 - 85*k + 44*k. Let v be s(-4). List the prime factors of t(v).
2, 3
Let t = 27 + 3760. List the prime factors of t.
7, 541
Suppose 0 = -2*m - 2*b - 304, -3*b = -2*m - 63 - 246. Let x = m + 454. What are the prime factors of x?
7, 43
Let i = 14496 + -7353. What are the prime factors of i?
3, 2381
List the prime factors of (-3)/(-21) + (4 - 80300/(-28)).
2, 359
Suppose -35 - 45 = -4*a. Suppose -176 = -5*c + s + 109, 4*s + a = 0. Suppose -212 = -4*i + 4*f, 4*i - f - 150 - c = 0. List the prime factors of i.
3, 17
Let c be 524/3 - 1 - (-2)/6. Suppose 5*l - 257 = -3*v, -10*l + 8*l + c = 2*v. Let n = v - -172. List the prime factors of n.
3, 29
Let x be (12/(-21))/(69/(-21) - -3). Suppose 24 = 8*d - x*d. Suppose 0 = d*u - 2*l - 51 - 557, -5*l + 328 = 2*u. List the prime factors of u.
2, 7, 11
Let q be (-15)/2*48/(-40). Suppose q*o = -13 + 40. Suppose o*u - 60 - 97 = 5*f, 5*f = -4*u + 151. List the prime factors of u.
2, 11
Suppose -2*l + 5121 = 5*p, 951 + 69 = p - l. What are the prime factors of p?
3, 11, 31
Suppose -128894 = -40*i + 92066. List the prime factors of i.
2, 1381
Suppose 15 = -k + 20, -2 = 4*u + 2*k. List the prime factors of 2*-3 - (u - 416).
7, 59
Let v = -27945 - -59850. What are the prime factors of v?
3, 5, 709
Suppose -2*o + 3*i + 1 = 0, -2*o + 3*o - 5*i = -17. What are the prime factors of 20/(-80) + 2794/o?
349
Let r(u) = -2*u**2 + 12*u - 10. Let c be r(5). Suppose -3*j + 342 + 204 = c. What are the prime factors of j?
2, 7, 13
Suppose -2*j + 14 = -3*c, -j + 2 = -3*c - 2. Suppose -22*a + 27*a - j = 0. List the prime factors of 159 + 4 + -4 + a.
7, 23
Suppose -2*r + 23826 = 14*f - 13*f, -r = 5*f - 11886. What are the prime factors of r?
2, 3, 331
Let r = -135 - -136. Let a be r + -2*2/4. Suppose 5*u - 8*u + 348 = -3*s, a = s - 1. What are the prime factors of u?
3, 13
Let m(d) = -388*d - 1400. What are the prime factors of m(-32)?
2, 3, 17
Let o(y) = 400*y**3 - 45*y**2 + 141*y + 4. List the prime factors of o(3).
2, 7, 773
Let l(h) = -12*h + 211. Let v be l(17). Suppose 3*k = 4*s + 1983, 10*s - v*s = 2*k - 1322. List the prime factors of k.
661
Let g(h) = -h**3 + h + 9. Let z be g(0). Let j be (-3)/9 - (0 - 3108/z). Suppose 0 = -10*c + 5*c + j. What are the prime factors of c?
3, 23
Suppose 29*o = 9544 - 2323 + 39527. What are the prime factors of o?
2, 13, 31
Let q = -242 + -91. Let m = -101 - q. List the prime factors of m.
2, 29
List the prime factors of (17116/(-132))/((1 - 3)/6).
389
Suppose 5 = 5*f + j + j, -3*f - 4*j = -3. List the prime factors of (0 - f) + (-2970)/(-6).
2, 13, 19
Let j(l) = -l**2 - 22*l - 112. Let o be j(-14). Suppose -468 = -a + w - 28, o = -5*a - w + 2170. What are the prime factors of a?
3, 5, 29
Let n be 66/242 + (-222)/(-33). Suppose -n*l = -4225 - 2005. List the prime factors of l.
2, 5, 89
Let q = -60 - -235. Let c = q + -143. List the prime factors of c.
2
Let g(a) = -3*a**3 + a**2 + 2*a + 1. Let t be g(-2). Suppose 8*d - 3*d = t. Suppose 40 = 3*k + 4*i - 2*i, i = d*k - 45. List the prime factors of k.
2, 5
List the prime factors of (-8)/88 - (-1 - 184130/11).
2, 3, 5, 31
Let p be 4 - -1 - -3*(1 - 2). Suppose -3*j + 4*x = -71, 3*j + p*x = 75 + 2. Suppose -j*l + 60 = -20*l. List the prime factors of l.
2, 3
Let z(v) = -16*v - 3 - 15 - 8 - v**2 + 3. Let o(w) = w**3 + 18*w**2 - 40*w - 11. Let d be o(-20). What are the prime factors of z(d)?
2
Let v = 367 - 217. Let f = 252 - v. Suppose j + f = p, -p - j + 114 = j. List the prime factors of p.
2, 53
Let b(t) = 307*t**3 - t**2 - 3*t + 4. Let f(r) = r**2 - 7*r - 59. Let c be f(12). List the prime factors of b(c).
307
Suppose a = -5*s + 21, 3*a - 24 = -5*s - a. Suppose 2*o + b = 307, -o + s*b = -2*o + 150. Let i = o + -104. List the prime factors of i.
2, 5
Let t(z) = -142*z - 1980. List the prime factors of t(-71).
2, 4051
Let v = -9527 - -13517. What are the prime factors of v?
2, 3, 5, 7, 19
Let a be (-2)/(5*3/21 + -1). Suppose -2399 - 2242 = -a*k. What are the prime factors of k?
3, 13, 17
Suppose -19*o = -2*z - 24*o + 11546, -3*z + 3*o + 17235 = 0. List the prime factors of z.
11, 523
Suppose 3*f + 3*x = 15843, 80*f - x - 26405 = 75*f. List the prime factors of f.
5281
Suppose 1240 = -6*y + 11*y. Let p = 258 - y. What are the prime factors of p?
2, 5
Suppose 0 = -3*t + 4*l + 1471, 0*l + 5*l - 25 = 0. Suppose -2*m + t = -1057. List the prime factors of m.
3, 7, 37
Let t be 23/5 + (259/35 - 8). Suppose 52*k + 5*m + 5406 = 56*k, -t*k + 5426 = 5*m. List the prime factors of k.
2, 677
Let t = -525 - -2585. What are the prime factors of t?
2, 5, 103
What are the prime factors of -3 + 21 - (25 + -21542)?
5, 59, 73
Suppose 0*g - 5*g + 216 = 3*w, -w + 83 = -2*g. Suppose 1806 = 120*i - w*i. List the prime factors of i.
2, 3, 7
Suppose 5*y + 39 = -2*r - 16, r + 26 = -3*y. Let q be r/(-56) - (-9)/24. What are the prime factors of ((-1008)/4)/(-2) + q/1?
127
Let j be -2*((-3467)/2 - 6). Suppose j - 935 = 12*d. What are the prime factors of d?
2, 53
What are the prime factors of 219*(21 - 19)*(-177)/(-9)?
2, 59, 73
Let k be (-10 + 8)/(1 - (-273)/(-279)). Let y = 280 + k. What are the prime factors of y?
11, 17
Let g be ((-45)/(-25))/(6/20). Let s(o) = o + 84. List the prime factors of s(g).
2, 3, 5
List the prime factors of (-2140)/(((-357)/4165)/((-6)/(-7))).
2, 5, 107
Let z = 47682 + -11850. List the prime factors of z.
2, 3, 1493
Suppose -i - 286 = -282, 4*k - 309176 = -2*i. What are the prime factors of k?
2, 4831
Let q = 62 - 57. Suppose -173 - 317 = -2*w + 2*x, -2*w = q*x - 490. What are the prime factors of w?
5, 7
What are the prime factors of -2 + (-168)/(-78) + 48664/52?
2, 3, 13
Suppose -362 = -3*f - 5*j + 78, -5*f - 4*j = -755. Let l = -38 - 29. Let g = l + f. List the prime factors of g.
2, 11
Let c(f) = -2*f**3 + 22*f**2 + f + 21. Let n be c(12). Let p = n + 480. What are the prime factors of p?
3, 5
Suppose 6988343 = 200*q + 2294513 - 7625170. What are the prime factors of q?
5, 97, 127
Suppose 6*a + 7 = 1. Let p(l) = 15*l**2 - 3*l - 2. Let s be p(a). Let v = s + 37. What are the prime factors of v?
53
Suppose -3*v - 3*f = -7*f - 24, 0 = -4*v + 2*f + 22. List the prime factors of (13/(39/10))/(v/666).
3, 5, 37
Let s be (-12)/20 - 102/5. Let n = -21 - s. Suppose -2*q + j + 107 = n, -q = -3*q + 2*j + 106. List the prime factors of q.
2, 3
Let z = -177 + 118. Let g = 47 + z. List the prime factors of 8/g + 1592/12.
2, 3, 11
Suppose -l = 43 - 44. Let g(d) = -d**2 + 2*d - 1. Let j be g(l). Suppose 14*a - 112 - 588 = j. What are the prime factors of a?
2, 5
Suppose -18*l = -3*l + 60. List the prime factors of (4/10)/(l/(-1840) + 0).
2, 23
Suppose -23*s + 21*s - i + 16781 = 0, 33559 = 4*s + 5*i. List the prime factors of s.
3, 2797
Suppose 4*h - 557 = h + 5*z, -z = -3*h + 565. Suppose 2*y = 3*k + 109, 7*y + h = -5*k + 3*y. Let s = -21 - k. What are the prime factors of s?
2
Let l = -201 - -514. Let v = l + 409. What are the prime factors of v?
2, 19
Suppose 4*h = 5*h + 51. Suppose 43*o - 96*o = -40*o - 1209. Let a = o + h. What are the prime factors of a?
2, 3, 7
What are the prime factors of (-1279803)/(-60) - (-146)/(-2920)?
2, 3, 5, 79
Let z = -6 + -9. List the prime factors of (-2511)/z - 14/35.
167
Let i = 5754 + -3298. What are the prime factors of i?
2, 307
Let r(i) be the first derivative of 11*i**3/3 + 4*i**2 + 4*i - 10. Let m be r(-5). Suppose -5*n + 3*z + m = 40, 3*z = 6. What are the prime factors of n?
41
Suppose 2*c - 18 = 4*f, 4*c - 2*f - 28 - 2 = 0. List the prime factors of (-2)/c - 24300/(-35).
2, 347
What are the prime factors of ((-222 - -20)/(-2))/((-4)/(-548))?
101, 137
Let k = 35787 - -27623. What are the prime factors of k?
2, 5, 17, 373
Suppose -6*m + 59 = -109. Let j = 166